{"id":6016,"date":"2025-11-18T15:18:58","date_gmt":"2025-11-18T14:18:58","guid":{"rendered":"https:\/\/www.tenisdolnilhota.cz\/?page_id=6016"},"modified":"2025-12-20T19:13:20","modified_gmt":"2025-12-20T18:13:20","slug":"tereza-malikova","status":"publish","type":"page","link":"https:\/\/www.tenisdolnilhota.cz\/index.php\/tereza-malikova\/","title":{"rendered":"Tereza Mal\u00edkov\u00e1"},"content":{"rendered":"\n<div class=\"wp-block-uagb-container uagb-block-bf89152a default uagb-is-root-container\">\n<div class=\"wp-block-uagb-container uagb-block-55b28fe3\">\n<h1 class=\"wp-block-heading has-white-color has-text-color has-link-color wp-elements-a96ab0d50e94eb146c850b783e06545e\">Tereza Mal\u00edkov\u00e1<\/h1>\n\n\n\n<h3 class=\"wp-block-heading has-white-color has-text-color has-link-color wp-elements-751fdb652a4e5482519691a17b25a4bf\">Tren\u00e9r odd\u00edlu<\/h3>\n\n\n\n<p class=\"has-white-color has-text-color has-link-color wp-elements-82eb980d9be40100c008c557444f7acd\">Tren\u00e9r 2. t\u0159\u00eddy<br>D\u00e9lka praxe: 8 let<\/p>\n\n\n\n<ul class=\"wp-block-list\">\n<li class=\"has-white-color has-text-color has-link-color wp-elements-1dc5a4bf023382b44a65abb1aa74dd46\">B\u00fdval\u00e1 z\u00e1vodn\u00ed hr\u00e1\u010dka<\/li>\n\n\n\n<li class=\"has-white-color has-text-color has-link-color wp-elements-b487fc20368bec738a40b0f21b296030\">V\u00edt\u011bzka Pardubick\u00e9 juniorky (ve fin\u00e1le s Karol\u00ednou Pl\u00ed\u0161kovou)<\/li>\n\n\n\n<li class=\"has-white-color has-text-color has-link-color wp-elements-e8bde501aced9704582c77d3788e8e81\">2 roky v tenisov\u00e9 akademii Prost\u011bjov<\/li>\n\n\n\n<li class=\"has-white-color has-text-color has-link-color wp-elements-ec0a4d9adbd90bef0194856b125eb987\">Nejlep\u0161\u00ed WTA um\u00edst\u011bn\u00ed: 356 (singl),&nbsp;255&nbsp;(debl)<\/li>\n<\/ul>\n\n\n\n<div class=\"wp-block-uagb-image uagb-block-d3c3c51a wp-block-uagb-image--layout-default wp-block-uagb-image--effect-static wp-block-uagb-image--align-none\"><figure class=\"wp-block-uagb-image__figure\"><img decoding=\"async\" srcset=\"https:\/\/www.tenisdolnilhota.cz\/wp-content\/uploads\/2025\/12\/Malikova_registracka_2-300x225.jpeg ,http:\/\/www.tenisdolnilhota.cz\/wp-content\/uploads\/2025\/12\/Malikova_registracka_2.jpeg 780w, http:\/\/www.tenisdolnilhota.cz\/wp-content\/uploads\/2025\/12\/Malikova_registracka_2.jpeg 360w\" sizes=\"auto, (max-width: 480px) 150px\" src=\"https:\/\/www.tenisdolnilhota.cz\/wp-content\/uploads\/2025\/12\/Malikova_registracka_2-300x225.jpeg\" alt=\"\" class=\"uag-image-6212\" width=\"300\" height=\"225\" title=\"Malikova_registracka_2\" loading=\"lazy\" role=\"img\"\/><\/figure><\/div>\n<\/div>\n\n\n\n<div class=\"wp-block-uagb-container uagb-block-a2542988\">\n<div class=\"wp-block-uagb-image uagb-block-784d03f4 wp-block-uagb-image--layout-default wp-block-uagb-image--effect-static wp-block-uagb-image--align-none\"><figure class=\"wp-block-uagb-image__figure\"><img decoding=\"async\" srcset=\"https:\/\/www.tenisdolnilhota.cz\/wp-content\/uploads\/2025\/10\/Tereza_Malikova_profil-1.jpg ,https:\/\/www.tenisdolnilhota.cz\/wp-content\/uploads\/2025\/10\/Tereza_Malikova_profil-1.jpg 780w, https:\/\/www.tenisdolnilhota.cz\/wp-content\/uploads\/2025\/10\/Tereza_Malikova_profil-1.jpg 360w\" sizes=\"auto, (max-width: 480px) 150px\" src=\"https:\/\/www.tenisdolnilhota.cz\/wp-content\/uploads\/2025\/10\/Tereza_Malikova_profil-1.jpg\" alt=\"\" class=\"uag-image-5773\" width=\"354\" height=\"534\" title=\"Tereza_Malikova_profil\" loading=\"lazy\" role=\"img\"\/><\/figure><\/div>\n<\/div>\n<\/div>\n","protected":false},"excerpt":{"rendered":"<p>Tereza Mal\u00edkov\u00e1 Tren\u00e9r odd\u00edlu Tren\u00e9r 2. t\u0159\u00eddyD\u00e9lka praxe: 8 let<\/p>\n","protected":false},"author":2,"featured_media":0,"parent":0,"menu_order":0,"comment_status":"closed","ping_status":"closed","template":"","meta":{"_uag_custom_page_level_css":"","_monsterinsights_skip_tracking":false,"_monsterinsights_sitenote_active":false,"_monsterinsights_sitenote_note":"","_monsterinsights_sitenote_category":0,"footnotes":""},"class_list":["post-6016","page","type-page","status-publish","hentry"],"yoast_head":"<!-- This site is optimized with the Yoast SEO plugin v23.4 - https:\/\/yoast.com\/wordpress\/plugins\/seo\/ -->\n<title>Tereza Mal\u00edkov\u00e1 - Tenisov\u00fd odd\u00edl - TJ SOKOL Doln\u00ed Lhota<\/title>\n<meta name=\"robots\" content=\"index, follow, max-snippet:-1, max-image-preview:large, max-video-preview:-1\" \/>\n<link rel=\"canonical\" href=\"https:\/\/www.tenisdolnilhota.cz\/index.php\/tereza-malikova\/\" \/>\n<meta property=\"og:locale\" content=\"cs_CZ\" \/>\n<meta property=\"og:type\" content=\"article\" \/>\n<meta property=\"og:title\" content=\"Tereza Mal\u00edkov\u00e1 - Tenisov\u00fd odd\u00edl - TJ SOKOL Doln\u00ed Lhota\" \/>\n<meta property=\"og:description\" content=\"Tereza Mal\u00edkov\u00e1 Tren\u00e9r odd\u00edlu Tren\u00e9r 2. t\u0159\u00eddyD\u00e9lka praxe: 8 let\" \/>\n<meta property=\"og:url\" content=\"https:\/\/www.tenisdolnilhota.cz\/index.php\/tereza-malikova\/\" \/>\n<meta property=\"og:site_name\" content=\"Tenisov\u00fd odd\u00edl - TJ SOKOL Doln\u00ed Lhota\" \/>\n<meta property=\"article:modified_time\" content=\"2025-12-20T18:13:20+00:00\" \/>\n<meta property=\"og:image\" content=\"https:\/\/www.tenisdolnilhota.cz\/wp-content\/uploads\/2025\/12\/Malikova_registracka_2-300x225.jpeg\" \/>\n<meta name=\"twitter:card\" content=\"summary_large_image\" \/>\n<meta name=\"twitter:label1\" content=\"Odhadovan\u00e1 doba \u010dten\u00ed\" \/>\n\t<meta name=\"twitter:data1\" content=\"1 minuta\" \/>\n<script type=\"application\/ld+json\" class=\"yoast-schema-graph\">{\"@context\":\"https:\/\/schema.org\",\"@graph\":[{\"@type\":\"WebPage\",\"@id\":\"https:\/\/www.tenisdolnilhota.cz\/index.php\/tereza-malikova\/\",\"url\":\"https:\/\/www.tenisdolnilhota.cz\/index.php\/tereza-malikova\/\",\"name\":\"Tereza Mal\u00edkov\u00e1 - Tenisov\u00fd odd\u00edl - TJ SOKOL Doln\u00ed Lhota\",\"isPartOf\":{\"@id\":\"https:\/\/www.tenisdolnilhota.cz\/#website\"},\"primaryImageOfPage\":{\"@id\":\"https:\/\/www.tenisdolnilhota.cz\/index.php\/tereza-malikova\/#primaryimage\"},\"image\":{\"@id\":\"https:\/\/www.tenisdolnilhota.cz\/index.php\/tereza-malikova\/#primaryimage\"},\"thumbnailUrl\":\"https:\/\/www.tenisdolnilhota.cz\/wp-content\/uploads\/2025\/12\/Malikova_registracka_2-300x225.jpeg\",\"datePublished\":\"2025-11-18T14:18:58+00:00\",\"dateModified\":\"2025-12-20T18:13:20+00:00\",\"breadcrumb\":{\"@id\":\"https:\/\/www.tenisdolnilhota.cz\/index.php\/tereza-malikova\/#breadcrumb\"},\"inLanguage\":\"cs\",\"potentialAction\":[{\"@type\":\"ReadAction\",\"target\":[\"https:\/\/www.tenisdolnilhota.cz\/index.php\/tereza-malikova\/\"]}]},{\"@type\":\"ImageObject\",\"inLanguage\":\"cs\",\"@id\":\"https:\/\/www.tenisdolnilhota.cz\/index.php\/tereza-malikova\/#primaryimage\",\"url\":\"https:\/\/www.tenisdolnilhota.cz\/wp-content\/uploads\/2025\/12\/Malikova_registracka_2-300x225.jpeg\",\"contentUrl\":\"https:\/\/www.tenisdolnilhota.cz\/wp-content\/uploads\/2025\/12\/Malikova_registracka_2-300x225.jpeg\"},{\"@type\":\"BreadcrumbList\",\"@id\":\"https:\/\/www.tenisdolnilhota.cz\/index.php\/tereza-malikova\/#breadcrumb\",\"itemListElement\":[{\"@type\":\"ListItem\",\"position\":1,\"name\":\"Dom\u016f\",\"item\":\"https:\/\/www.tenisdolnilhota.cz\/\"},{\"@type\":\"ListItem\",\"position\":2,\"name\":\"Tereza Mal\u00edkov\u00e1\"}]},{\"@type\":\"WebSite\",\"@id\":\"https:\/\/www.tenisdolnilhota.cz\/#website\",\"url\":\"https:\/\/www.tenisdolnilhota.cz\/\",\"name\":\"Tenisov\u00fd odd\u00edl - TJ SOKOL Doln\u00ed Lhota\",\"description\":\"\",\"potentialAction\":[{\"@type\":\"SearchAction\",\"target\":{\"@type\":\"EntryPoint\",\"urlTemplate\":\"https:\/\/www.tenisdolnilhota.cz\/?s={search_term_string}\"},\"query-input\":{\"@type\":\"PropertyValueSpecification\",\"valueRequired\":true,\"valueName\":\"search_term_string\"}}],\"inLanguage\":\"cs\"}]}<\/script>\n<!-- \/ Yoast SEO plugin. -->","yoast_head_json":{"title":"Tereza Mal\u00edkov\u00e1 - Tenisov\u00fd odd\u00edl - TJ SOKOL Doln\u00ed Lhota","robots":{"index":"index","follow":"follow","max-snippet":"max-snippet:-1","max-image-preview":"max-image-preview:large","max-video-preview":"max-video-preview:-1"},"canonical":"https:\/\/www.tenisdolnilhota.cz\/index.php\/tereza-malikova\/","og_locale":"cs_CZ","og_type":"article","og_title":"Tereza Mal\u00edkov\u00e1 - Tenisov\u00fd odd\u00edl - TJ SOKOL Doln\u00ed Lhota","og_description":"Tereza Mal\u00edkov\u00e1 Tren\u00e9r odd\u00edlu Tren\u00e9r 2. t\u0159\u00eddyD\u00e9lka praxe: 8 let","og_url":"https:\/\/www.tenisdolnilhota.cz\/index.php\/tereza-malikova\/","og_site_name":"Tenisov\u00fd odd\u00edl - TJ SOKOL Doln\u00ed Lhota","article_modified_time":"2025-12-20T18:13:20+00:00","og_image":[{"url":"https:\/\/www.tenisdolnilhota.cz\/wp-content\/uploads\/2025\/12\/Malikova_registracka_2-300x225.jpeg"}],"twitter_card":"summary_large_image","twitter_misc":{"Odhadovan\u00e1 doba \u010dten\u00ed":"1 minuta"},"schema":{"@context":"https:\/\/schema.org","@graph":[{"@type":"WebPage","@id":"https:\/\/www.tenisdolnilhota.cz\/index.php\/tereza-malikova\/","url":"https:\/\/www.tenisdolnilhota.cz\/index.php\/tereza-malikova\/","name":"Tereza Mal\u00edkov\u00e1 - Tenisov\u00fd odd\u00edl - TJ SOKOL Doln\u00ed Lhota","isPartOf":{"@id":"https:\/\/www.tenisdolnilhota.cz\/#website"},"primaryImageOfPage":{"@id":"https:\/\/www.tenisdolnilhota.cz\/index.php\/tereza-malikova\/#primaryimage"},"image":{"@id":"https:\/\/www.tenisdolnilhota.cz\/index.php\/tereza-malikova\/#primaryimage"},"thumbnailUrl":"https:\/\/www.tenisdolnilhota.cz\/wp-content\/uploads\/2025\/12\/Malikova_registracka_2-300x225.jpeg","datePublished":"2025-11-18T14:18:58+00:00","dateModified":"2025-12-20T18:13:20+00:00","breadcrumb":{"@id":"https:\/\/www.tenisdolnilhota.cz\/index.php\/tereza-malikova\/#breadcrumb"},"inLanguage":"cs","potentialAction":[{"@type":"ReadAction","target":["https:\/\/www.tenisdolnilhota.cz\/index.php\/tereza-malikova\/"]}]},{"@type":"ImageObject","inLanguage":"cs","@id":"https:\/\/www.tenisdolnilhota.cz\/index.php\/tereza-malikova\/#primaryimage","url":"https:\/\/www.tenisdolnilhota.cz\/wp-content\/uploads\/2025\/12\/Malikova_registracka_2-300x225.jpeg","contentUrl":"https:\/\/www.tenisdolnilhota.cz\/wp-content\/uploads\/2025\/12\/Malikova_registracka_2-300x225.jpeg"},{"@type":"BreadcrumbList","@id":"https:\/\/www.tenisdolnilhota.cz\/index.php\/tereza-malikova\/#breadcrumb","itemListElement":[{"@type":"ListItem","position":1,"name":"Dom\u016f","item":"https:\/\/www.tenisdolnilhota.cz\/"},{"@type":"ListItem","position":2,"name":"Tereza Mal\u00edkov\u00e1"}]},{"@type":"WebSite","@id":"https:\/\/www.tenisdolnilhota.cz\/#website","url":"https:\/\/www.tenisdolnilhota.cz\/","name":"Tenisov\u00fd odd\u00edl - TJ SOKOL Doln\u00ed Lhota","description":"","potentialAction":[{"@type":"SearchAction","target":{"@type":"EntryPoint","urlTemplate":"https:\/\/www.tenisdolnilhota.cz\/?s={search_term_string}"},"query-input":{"@type":"PropertyValueSpecification","valueRequired":true,"valueName":"search_term_string"}}],"inLanguage":"cs"}]}},"uagb_featured_image_src":{"full":false,"thumbnail":false,"medium":false,"medium_large":false,"large":false,"1536x1536":false,"2048x2048":false,"widget-thumb":false,"sow-carousel-default":false},"uagb_author_info":{"display_name":"Michal Opat","author_link":"https:\/\/www.tenisdolnilhota.cz\/index.php\/author\/opat\/"},"uagb_comment_info":0,"uagb_excerpt":"Tereza Mal\u00edkov\u00e1 Tren\u00e9r odd\u00edlu Tren\u00e9r 2. t\u0159\u00eddyD\u00e9lka praxe: 8 let","_links":{"self":[{"href":"https:\/\/www.tenisdolnilhota.cz\/index.php\/wp-json\/wp\/v2\/pages\/6016","targetHints":{"allow":["GET"]}}],"collection":[{"href":"https:\/\/www.tenisdolnilhota.cz\/index.php\/wp-json\/wp\/v2\/pages"}],"about":[{"href":"https:\/\/www.tenisdolnilhota.cz\/index.php\/wp-json\/wp\/v2\/types\/page"}],"author":[{"embeddable":true,"href":"https:\/\/www.tenisdolnilhota.cz\/index.php\/wp-json\/wp\/v2\/users\/2"}],"replies":[{"embeddable":true,"href":"https:\/\/www.tenisdolnilhota.cz\/index.php\/wp-json\/wp\/v2\/comments?post=6016"}],"version-history":[{"count":6,"href":"https:\/\/www.tenisdolnilhota.cz\/index.php\/wp-json\/wp\/v2\/pages\/6016\/revisions"}],"predecessor-version":[{"id":6214,"href":"https:\/\/www.tenisdolnilhota.cz\/index.php\/wp-json\/wp\/v2\/pages\/6016\/revisions\/6214"}],"wp:attachment":[{"href":"https:\/\/www.tenisdolnilhota.cz\/index.php\/wp-json\/wp\/v2\/media?parent=6016"}],"curies":[{"name":"wp","href":"https:\/\/api.w.org\/{rel}","templated":true}]}}

Tereza Malíková

<div class="wp-block-uagb-container uagb-block-bf89152a default uagb-is-root-container">
<div class="wp-block-uagb-container uagb-block-55b28fe3">
<h1 class="wp-block-heading has-white-color has-text-color has-link-color wp-elements-a96ab0d50e94eb146c850b783e06545e">Tereza Malíková</h1>



<h3 class="wp-block-heading has-white-color has-text-color has-link-color wp-elements-751fdb652a4e5482519691a17b25a4bf">Trenér oddílu</h3>



<p class="has-white-color has-text-color has-link-color wp-elements-82eb980d9be40100c008c557444f7acd">Trenér 2. třídy<br>Délka praxe: 8 let</p>



<ul class="wp-block-list">
<li class="has-white-color has-text-color has-link-color wp-elements-1dc5a4bf023382b44a65abb1aa74dd46">Bývalá závodní hráčka</li>



<li class="has-white-color has-text-color has-link-color wp-elements-b487fc20368bec738a40b0f21b296030">Vítězka Pardubické juniorky (ve finále s Karolínou Plíškovou)</li>



<li class="has-white-color has-text-color has-link-color wp-elements-e8bde501aced9704582c77d3788e8e81">2 roky v tenisové akademii Prostějov</li>



<li class="has-white-color has-text-color has-link-color wp-elements-ec0a4d9adbd90bef0194856b125eb987">Nejlepší WTA umístění: 356 (singl),&nbsp;255&nbsp;(debl)</li>
</ul>



<div class="wp-block-uagb-image uagb-block-d3c3c51a wp-block-uagb-image--layout-default wp-block-uagb-image--effect-static wp-block-uagb-image--align-none"><figure class="wp-block-uagb-image__figure"><img decoding="async" srcset="https://www.tenisdolnilhota.cz/wp-content/uploads/2025/12/Malikova_registracka_2-300x225.jpeg ,http://www.tenisdolnilhota.cz/wp-content/uploads/2025/12/Malikova_registracka_2.jpeg 780w, http://www.tenisdolnilhota.cz/wp-content/uploads/2025/12/Malikova_registracka_2.jpeg 360w" sizes="auto, (max-width: 480px) 150px" src="https://www.tenisdolnilhota.cz/wp-content/uploads/2025/12/Malikova_registracka_2-300x225.jpeg" alt="" class="uag-image-6212" width="300" height="225" title="Malikova_registracka_2" loading="lazy" role="img"/></figure></div>
</div>



<div class="wp-block-uagb-container uagb-block-a2542988">
<div class="wp-block-uagb-image uagb-block-784d03f4 wp-block-uagb-image--layout-default wp-block-uagb-image--effect-static wp-block-uagb-image--align-none"><figure class="wp-block-uagb-image__figure"><img decoding="async" srcset="https://www.tenisdolnilhota.cz/wp-content/uploads/2025/10/Tereza_Malikova_profil-1.jpg ,https://www.tenisdolnilhota.cz/wp-content/uploads/2025/10/Tereza_Malikova_profil-1.jpg 780w, https://www.tenisdolnilhota.cz/wp-content/uploads/2025/10/Tereza_Malikova_profil-1.jpg 360w" sizes="auto, (max-width: 480px) 150px" src="https://www.tenisdolnilhota.cz/wp-content/uploads/2025/10/Tereza_Malikova_profil-1.jpg" alt="" class="uag-image-5773" width="354" height="534" title="Tereza_Malikova_profil" loading="lazy" role="img"/></figure></div>
</div>
</div>

<p>Tereza Malíková Trenér oddílu Trenér 2. třídyDélka praxe: 8 let</p>

<!-- This site is optimized with the Yoast SEO plugin v23.4 - https://yoast.com/wordpress/plugins/seo/ -->
<title>Tereza Malíková - Tenisový oddíl - TJ SOKOL Dolní Lhota</title>
<meta name="robots" content="index, follow, max-snippet:-1, max-image-preview:large, max-video-preview:-1" />
<link rel="canonical" href="https://www.tenisdolnilhota.cz/index.php/tereza-malikova/" />
<meta property="og:locale" content="cs_CZ" />
<meta property="og:type" content="article" />
<meta property="og:title" content="Tereza Malíková - Tenisový oddíl - TJ SOKOL Dolní Lhota" />
<meta property="og:description" content="Tereza Malíková Trenér oddílu Trenér 2. třídyDélka praxe: 8 let" />
<meta property="og:url" content="https://www.tenisdolnilhota.cz/index.php/tereza-malikova/" />
<meta property="og:site_name" content="Tenisový oddíl - TJ SOKOL Dolní Lhota" />
<meta property="article:modified_time" content="2025-12-20T18:13:20+00:00" />
<meta property="og:image" content="https://www.tenisdolnilhota.cz/wp-content/uploads/2025/12/Malikova_registracka_2-300x225.jpeg" />
<meta name="twitter:card" content="summary_large_image" />
<meta name="twitter:label1" content="Odhadovaná doba čtení" />
	<meta name="twitter:data1" content="1 minuta" />
<script type="application/ld+json" class="yoast-schema-graph">{"@context":"https://schema.org","@graph":[{"@type":"WebPage","@id":"https://www.tenisdolnilhota.cz/index.php/tereza-malikova/","url":"https://www.tenisdolnilhota.cz/index.php/tereza-malikova/","name":"Tereza Malíková - Tenisový oddíl - TJ SOKOL Dolní Lhota","isPartOf":{"@id":"https://www.tenisdolnilhota.cz/#website"},"primaryImageOfPage":{"@id":"https://www.tenisdolnilhota.cz/index.php/tereza-malikova/#primaryimage"},"image":{"@id":"https://www.tenisdolnilhota.cz/index.php/tereza-malikova/#primaryimage"},"thumbnailUrl":"https://www.tenisdolnilhota.cz/wp-content/uploads/2025/12/Malikova_registracka_2-300x225.jpeg","datePublished":"2025-11-18T14:18:58+00:00","dateModified":"2025-12-20T18:13:20+00:00","breadcrumb":{"@id":"https://www.tenisdolnilhota.cz/index.php/tereza-malikova/#breadcrumb"},"inLanguage":"cs","potentialAction":[{"@type":"ReadAction","target":["https://www.tenisdolnilhota.cz/index.php/tereza-malikova/"]}]},{"@type":"ImageObject","inLanguage":"cs","@id":"https://www.tenisdolnilhota.cz/index.php/tereza-malikova/#primaryimage","url":"https://www.tenisdolnilhota.cz/wp-content/uploads/2025/12/Malikova_registracka_2-300x225.jpeg","contentUrl":"https://www.tenisdolnilhota.cz/wp-content/uploads/2025/12/Malikova_registracka_2-300x225.jpeg"},{"@type":"BreadcrumbList","@id":"https://www.tenisdolnilhota.cz/index.php/tereza-malikova/#breadcrumb","itemListElement":[{"@type":"ListItem","position":1,"name":"Domů","item":"https://www.tenisdolnilhota.cz/"},{"@type":"ListItem","position":2,"name":"Tereza Malíková"}]},{"@type":"WebSite","@id":"https://www.tenisdolnilhota.cz/#website","url":"https://www.tenisdolnilhota.cz/","name":"Tenisový oddíl - TJ SOKOL Dolní Lhota","description":"","potentialAction":[{"@type":"SearchAction","target":{"@type":"EntryPoint","urlTemplate":"https://www.tenisdolnilhota.cz/?s={search_term_string}"},"query-input":{"@type":"PropertyValueSpecification","valueRequired":true,"valueName":"search_term_string"}}],"inLanguage":"cs"}]}</script>
<!-- / Yoast SEO plugin. -->

Tereza Malíková - Tenisový oddíl - TJ SOKOL Dolní Lhota

Tereza Malíková Trenér oddílu Trenér 2. třídyDélka praxe: 8 let

Tenisový oddíl - TJ SOKOL Dolní Lhota

Domů
