{"id":5208,"date":"2024-10-20T20:15:13","date_gmt":"2024-10-20T18:15:13","guid":{"rendered":"https:\/\/www.tenisdolnilhota.cz\/?page_id=5208"},"modified":"2025-12-20T19:21:02","modified_gmt":"2025-12-20T18:21:02","slug":"jan-kubicek","status":"publish","type":"page","link":"https:\/\/www.tenisdolnilhota.cz\/index.php\/jan-kubicek\/","title":{"rendered":"Jan Kub\u00ed\u010dek"},"content":{"rendered":"\n<div class=\"wp-block-uagb-container uagb-block-bf89152a default uagb-is-root-container\">\n<div class=\"wp-block-uagb-container uagb-block-55b28fe3\">\n<h1 class=\"wp-block-heading has-white-color has-text-color has-link-color wp-elements-7e9481a92ee931fff219b05cab744855\">Jan Kub\u00ed\u010dek<\/h1>\n\n\n\n<h3 class=\"wp-block-heading has-white-color has-text-color has-link-color wp-elements-751fdb652a4e5482519691a17b25a4bf\">Tren\u00e9r odd\u00edlu<\/h3>\n\n\n\n<p class=\"has-white-color has-text-color has-link-color wp-elements-fe517f9a2f293a254585d84c11fb2d68\">Tren\u00e9r 3. t\u0159\u00eddy<br>D\u00e9lka praxe: 5 let<\/p>\n\n\n\n<ul class=\"wp-block-list\">\n<li class=\"has-white-color has-text-color has-link-color wp-elements-843047a1c1f770d30d0044b1beb05eae\">B\u00fdval\u00fd z\u00e1vodn\u00ed hr\u00e1\u010d<\/li>\n\n\n\n<li class=\"has-white-color has-text-color has-link-color wp-elements-8a72dd1f1124de1f84a0772ac7baad4c\">\u00da\u010dast na sout\u011b\u017e\u00edch dru\u017estev za Doln\u00ed Lhotu<\/li>\n\n\n\n<li class=\"has-white-color has-text-color has-link-color wp-elements-917344d37878867b01a36d1f2ec77231\">Jako tren\u00e9r se aktivn\u011b \u00fa\u010dastn\u00ed klubov\u00fdch kemp\u016f&nbsp;a&nbsp;soust\u0159ed\u011bn\u00ed<\/li>\n<\/ul>\n\n\n\n<div class=\"wp-block-uagb-image uagb-block-e029ba4e wp-block-uagb-image--layout-default wp-block-uagb-image--effect-static wp-block-uagb-image--align-none\"><figure class=\"wp-block-uagb-image__figure\"><img decoding=\"async\" srcset=\"https:\/\/www.tenisdolnilhota.cz\/wp-content\/uploads\/2025\/12\/Kubicek_registracka_2-300x225.jpeg ,http:\/\/www.tenisdolnilhota.cz\/wp-content\/uploads\/2025\/12\/Kubicek_registracka_2.jpeg 780w, http:\/\/www.tenisdolnilhota.cz\/wp-content\/uploads\/2025\/12\/Kubicek_registracka_2.jpeg 360w\" sizes=\"auto, (max-width: 480px) 150px\" src=\"https:\/\/www.tenisdolnilhota.cz\/wp-content\/uploads\/2025\/12\/Kubicek_registracka_2-300x225.jpeg\" alt=\"\" class=\"uag-image-6219\" width=\"300\" height=\"225\" title=\"Kubicek_registracka_2\" loading=\"lazy\" role=\"img\"\/><\/figure><\/div>\n<\/div>\n\n\n\n<div class=\"wp-block-uagb-container uagb-block-a2542988\">\n<div class=\"wp-block-uagb-image uagb-block-784d03f4 wp-block-uagb-image--layout-default wp-block-uagb-image--effect-static wp-block-uagb-image--align-none\"><figure class=\"wp-block-uagb-image__figure\"><img decoding=\"async\" srcset=\"https:\/\/www.tenisdolnilhota.cz\/wp-content\/uploads\/2024\/05\/KubicekJan-768x1024.jpg ,https:\/\/www.tenisdolnilhota.cz\/wp-content\/uploads\/2024\/05\/KubicekJan.jpg 780w, https:\/\/www.tenisdolnilhota.cz\/wp-content\/uploads\/2024\/05\/KubicekJan.jpg 360w\" sizes=\"auto, (max-width: 480px) 150px\" src=\"https:\/\/www.tenisdolnilhota.cz\/wp-content\/uploads\/2024\/05\/KubicekJan-768x1024.jpg\" alt=\"\" class=\"uag-image-5175\" width=\"375\" height=\"500\" title=\"KubicekJan\" loading=\"lazy\" role=\"img\"\/><\/figure><\/div>\n<\/div>\n<\/div>\n","protected":false},"excerpt":{"rendered":"<p>Jan Kub\u00ed\u010dek Tren\u00e9r odd\u00edlu Tren\u00e9r 3. t\u0159\u00eddyD\u00e9lka praxe: 5 let<\/p>\n","protected":false},"author":2,"featured_media":0,"parent":0,"menu_order":0,"comment_status":"closed","ping_status":"closed","template":"","meta":{"_uag_custom_page_level_css":"","_monsterinsights_skip_tracking":false,"_monsterinsights_sitenote_active":false,"_monsterinsights_sitenote_note":"","_monsterinsights_sitenote_category":0,"footnotes":""},"class_list":["post-5208","page","type-page","status-publish","hentry"],"yoast_head":"<!-- This site is optimized with the Yoast SEO plugin v23.4 - https:\/\/yoast.com\/wordpress\/plugins\/seo\/ -->\n<title>Jan Kub\u00ed\u010dek - Tenisov\u00fd odd\u00edl - TJ SOKOL Doln\u00ed Lhota<\/title>\n<meta name=\"robots\" content=\"index, follow, max-snippet:-1, max-image-preview:large, max-video-preview:-1\" \/>\n<link rel=\"canonical\" href=\"https:\/\/www.tenisdolnilhota.cz\/index.php\/jan-kubicek\/\" \/>\n<meta property=\"og:locale\" content=\"cs_CZ\" \/>\n<meta property=\"og:type\" content=\"article\" \/>\n<meta property=\"og:title\" content=\"Jan Kub\u00ed\u010dek - Tenisov\u00fd odd\u00edl - TJ SOKOL Doln\u00ed Lhota\" \/>\n<meta property=\"og:description\" content=\"Jan Kub\u00ed\u010dek Tren\u00e9r odd\u00edlu Tren\u00e9r 3. t\u0159\u00eddyD\u00e9lka praxe: 5 let\" \/>\n<meta property=\"og:url\" content=\"https:\/\/www.tenisdolnilhota.cz\/index.php\/jan-kubicek\/\" \/>\n<meta property=\"og:site_name\" content=\"Tenisov\u00fd odd\u00edl - TJ SOKOL Doln\u00ed Lhota\" \/>\n<meta property=\"article:modified_time\" content=\"2025-12-20T18:21:02+00:00\" \/>\n<meta property=\"og:image\" content=\"https:\/\/www.tenisdolnilhota.cz\/wp-content\/uploads\/2025\/12\/Kubicek_registracka_2-300x225.jpeg\" \/>\n<meta name=\"twitter:card\" content=\"summary_large_image\" \/>\n<meta name=\"twitter:label1\" content=\"Odhadovan\u00e1 doba \u010dten\u00ed\" \/>\n\t<meta name=\"twitter:data1\" content=\"1 minuta\" \/>\n<script type=\"application\/ld+json\" class=\"yoast-schema-graph\">{\"@context\":\"https:\/\/schema.org\",\"@graph\":[{\"@type\":\"WebPage\",\"@id\":\"https:\/\/www.tenisdolnilhota.cz\/index.php\/jan-kubicek\/\",\"url\":\"https:\/\/www.tenisdolnilhota.cz\/index.php\/jan-kubicek\/\",\"name\":\"Jan Kub\u00ed\u010dek - Tenisov\u00fd odd\u00edl - TJ SOKOL Doln\u00ed Lhota\",\"isPartOf\":{\"@id\":\"https:\/\/www.tenisdolnilhota.cz\/#website\"},\"primaryImageOfPage\":{\"@id\":\"https:\/\/www.tenisdolnilhota.cz\/index.php\/jan-kubicek\/#primaryimage\"},\"image\":{\"@id\":\"https:\/\/www.tenisdolnilhota.cz\/index.php\/jan-kubicek\/#primaryimage\"},\"thumbnailUrl\":\"https:\/\/www.tenisdolnilhota.cz\/wp-content\/uploads\/2025\/12\/Kubicek_registracka_2-300x225.jpeg\",\"datePublished\":\"2024-10-20T18:15:13+00:00\",\"dateModified\":\"2025-12-20T18:21:02+00:00\",\"breadcrumb\":{\"@id\":\"https:\/\/www.tenisdolnilhota.cz\/index.php\/jan-kubicek\/#breadcrumb\"},\"inLanguage\":\"cs\",\"potentialAction\":[{\"@type\":\"ReadAction\",\"target\":[\"https:\/\/www.tenisdolnilhota.cz\/index.php\/jan-kubicek\/\"]}]},{\"@type\":\"ImageObject\",\"inLanguage\":\"cs\",\"@id\":\"https:\/\/www.tenisdolnilhota.cz\/index.php\/jan-kubicek\/#primaryimage\",\"url\":\"https:\/\/www.tenisdolnilhota.cz\/wp-content\/uploads\/2025\/12\/Kubicek_registracka_2-300x225.jpeg\",\"contentUrl\":\"https:\/\/www.tenisdolnilhota.cz\/wp-content\/uploads\/2025\/12\/Kubicek_registracka_2-300x225.jpeg\"},{\"@type\":\"BreadcrumbList\",\"@id\":\"https:\/\/www.tenisdolnilhota.cz\/index.php\/jan-kubicek\/#breadcrumb\",\"itemListElement\":[{\"@type\":\"ListItem\",\"position\":1,\"name\":\"Dom\u016f\",\"item\":\"https:\/\/www.tenisdolnilhota.cz\/\"},{\"@type\":\"ListItem\",\"position\":2,\"name\":\"Jan Kub\u00ed\u010dek\"}]},{\"@type\":\"WebSite\",\"@id\":\"https:\/\/www.tenisdolnilhota.cz\/#website\",\"url\":\"https:\/\/www.tenisdolnilhota.cz\/\",\"name\":\"Tenisov\u00fd odd\u00edl - TJ SOKOL Doln\u00ed Lhota\",\"description\":\"\",\"potentialAction\":[{\"@type\":\"SearchAction\",\"target\":{\"@type\":\"EntryPoint\",\"urlTemplate\":\"https:\/\/www.tenisdolnilhota.cz\/?s={search_term_string}\"},\"query-input\":{\"@type\":\"PropertyValueSpecification\",\"valueRequired\":true,\"valueName\":\"search_term_string\"}}],\"inLanguage\":\"cs\"}]}<\/script>\n<!-- \/ Yoast SEO plugin. -->","yoast_head_json":{"title":"Jan Kub\u00ed\u010dek - Tenisov\u00fd odd\u00edl - TJ SOKOL Doln\u00ed Lhota","robots":{"index":"index","follow":"follow","max-snippet":"max-snippet:-1","max-image-preview":"max-image-preview:large","max-video-preview":"max-video-preview:-1"},"canonical":"https:\/\/www.tenisdolnilhota.cz\/index.php\/jan-kubicek\/","og_locale":"cs_CZ","og_type":"article","og_title":"Jan Kub\u00ed\u010dek - Tenisov\u00fd odd\u00edl - TJ SOKOL Doln\u00ed Lhota","og_description":"Jan Kub\u00ed\u010dek Tren\u00e9r odd\u00edlu Tren\u00e9r 3. t\u0159\u00eddyD\u00e9lka praxe: 5 let","og_url":"https:\/\/www.tenisdolnilhota.cz\/index.php\/jan-kubicek\/","og_site_name":"Tenisov\u00fd odd\u00edl - TJ SOKOL Doln\u00ed Lhota","article_modified_time":"2025-12-20T18:21:02+00:00","og_image":[{"url":"https:\/\/www.tenisdolnilhota.cz\/wp-content\/uploads\/2025\/12\/Kubicek_registracka_2-300x225.jpeg"}],"twitter_card":"summary_large_image","twitter_misc":{"Odhadovan\u00e1 doba \u010dten\u00ed":"1 minuta"},"schema":{"@context":"https:\/\/schema.org","@graph":[{"@type":"WebPage","@id":"https:\/\/www.tenisdolnilhota.cz\/index.php\/jan-kubicek\/","url":"https:\/\/www.tenisdolnilhota.cz\/index.php\/jan-kubicek\/","name":"Jan Kub\u00ed\u010dek - Tenisov\u00fd odd\u00edl - TJ SOKOL Doln\u00ed Lhota","isPartOf":{"@id":"https:\/\/www.tenisdolnilhota.cz\/#website"},"primaryImageOfPage":{"@id":"https:\/\/www.tenisdolnilhota.cz\/index.php\/jan-kubicek\/#primaryimage"},"image":{"@id":"https:\/\/www.tenisdolnilhota.cz\/index.php\/jan-kubicek\/#primaryimage"},"thumbnailUrl":"https:\/\/www.tenisdolnilhota.cz\/wp-content\/uploads\/2025\/12\/Kubicek_registracka_2-300x225.jpeg","datePublished":"2024-10-20T18:15:13+00:00","dateModified":"2025-12-20T18:21:02+00:00","breadcrumb":{"@id":"https:\/\/www.tenisdolnilhota.cz\/index.php\/jan-kubicek\/#breadcrumb"},"inLanguage":"cs","potentialAction":[{"@type":"ReadAction","target":["https:\/\/www.tenisdolnilhota.cz\/index.php\/jan-kubicek\/"]}]},{"@type":"ImageObject","inLanguage":"cs","@id":"https:\/\/www.tenisdolnilhota.cz\/index.php\/jan-kubicek\/#primaryimage","url":"https:\/\/www.tenisdolnilhota.cz\/wp-content\/uploads\/2025\/12\/Kubicek_registracka_2-300x225.jpeg","contentUrl":"https:\/\/www.tenisdolnilhota.cz\/wp-content\/uploads\/2025\/12\/Kubicek_registracka_2-300x225.jpeg"},{"@type":"BreadcrumbList","@id":"https:\/\/www.tenisdolnilhota.cz\/index.php\/jan-kubicek\/#breadcrumb","itemListElement":[{"@type":"ListItem","position":1,"name":"Dom\u016f","item":"https:\/\/www.tenisdolnilhota.cz\/"},{"@type":"ListItem","position":2,"name":"Jan Kub\u00ed\u010dek"}]},{"@type":"WebSite","@id":"https:\/\/www.tenisdolnilhota.cz\/#website","url":"https:\/\/www.tenisdolnilhota.cz\/","name":"Tenisov\u00fd odd\u00edl - TJ SOKOL Doln\u00ed Lhota","description":"","potentialAction":[{"@type":"SearchAction","target":{"@type":"EntryPoint","urlTemplate":"https:\/\/www.tenisdolnilhota.cz\/?s={search_term_string}"},"query-input":{"@type":"PropertyValueSpecification","valueRequired":true,"valueName":"search_term_string"}}],"inLanguage":"cs"}]}},"uagb_featured_image_src":{"full":false,"thumbnail":false,"medium":false,"medium_large":false,"large":false,"1536x1536":false,"2048x2048":false,"widget-thumb":false,"sow-carousel-default":false},"uagb_author_info":{"display_name":"Michal Opat","author_link":"https:\/\/www.tenisdolnilhota.cz\/index.php\/author\/opat\/"},"uagb_comment_info":0,"uagb_excerpt":"Jan Kub\u00ed\u010dek Tren\u00e9r odd\u00edlu Tren\u00e9r 3. t\u0159\u00eddyD\u00e9lka praxe: 5 let","_links":{"self":[{"href":"https:\/\/www.tenisdolnilhota.cz\/index.php\/wp-json\/wp\/v2\/pages\/5208","targetHints":{"allow":["GET"]}}],"collection":[{"href":"https:\/\/www.tenisdolnilhota.cz\/index.php\/wp-json\/wp\/v2\/pages"}],"about":[{"href":"https:\/\/www.tenisdolnilhota.cz\/index.php\/wp-json\/wp\/v2\/types\/page"}],"author":[{"embeddable":true,"href":"https:\/\/www.tenisdolnilhota.cz\/index.php\/wp-json\/wp\/v2\/users\/2"}],"replies":[{"embeddable":true,"href":"https:\/\/www.tenisdolnilhota.cz\/index.php\/wp-json\/wp\/v2\/comments?post=5208"}],"version-history":[{"count":6,"href":"https:\/\/www.tenisdolnilhota.cz\/index.php\/wp-json\/wp\/v2\/pages\/5208\/revisions"}],"predecessor-version":[{"id":6220,"href":"https:\/\/www.tenisdolnilhota.cz\/index.php\/wp-json\/wp\/v2\/pages\/5208\/revisions\/6220"}],"wp:attachment":[{"href":"https:\/\/www.tenisdolnilhota.cz\/index.php\/wp-json\/wp\/v2\/media?parent=5208"}],"curies":[{"name":"wp","href":"https:\/\/api.w.org\/{rel}","templated":true}]}}

Jan Kubíček

<div class="wp-block-uagb-container uagb-block-bf89152a default uagb-is-root-container">
<div class="wp-block-uagb-container uagb-block-55b28fe3">
<h1 class="wp-block-heading has-white-color has-text-color has-link-color wp-elements-7e9481a92ee931fff219b05cab744855">Jan Kubíček</h1>



<h3 class="wp-block-heading has-white-color has-text-color has-link-color wp-elements-751fdb652a4e5482519691a17b25a4bf">Trenér oddílu</h3>



<p class="has-white-color has-text-color has-link-color wp-elements-fe517f9a2f293a254585d84c11fb2d68">Trenér 3. třídy<br>Délka praxe: 5 let</p>



<ul class="wp-block-list">
<li class="has-white-color has-text-color has-link-color wp-elements-843047a1c1f770d30d0044b1beb05eae">Bývalý závodní hráč</li>



<li class="has-white-color has-text-color has-link-color wp-elements-8a72dd1f1124de1f84a0772ac7baad4c">Účast na soutěžích družstev za Dolní Lhotu</li>



<li class="has-white-color has-text-color has-link-color wp-elements-917344d37878867b01a36d1f2ec77231">Jako trenér se aktivně účastní klubových kempů&nbsp;a&nbsp;soustředění</li>
</ul>



<div class="wp-block-uagb-image uagb-block-e029ba4e wp-block-uagb-image--layout-default wp-block-uagb-image--effect-static wp-block-uagb-image--align-none"><figure class="wp-block-uagb-image__figure"><img decoding="async" srcset="https://www.tenisdolnilhota.cz/wp-content/uploads/2025/12/Kubicek_registracka_2-300x225.jpeg ,http://www.tenisdolnilhota.cz/wp-content/uploads/2025/12/Kubicek_registracka_2.jpeg 780w, http://www.tenisdolnilhota.cz/wp-content/uploads/2025/12/Kubicek_registracka_2.jpeg 360w" sizes="auto, (max-width: 480px) 150px" src="https://www.tenisdolnilhota.cz/wp-content/uploads/2025/12/Kubicek_registracka_2-300x225.jpeg" alt="" class="uag-image-6219" width="300" height="225" title="Kubicek_registracka_2" loading="lazy" role="img"/></figure></div>
</div>



<div class="wp-block-uagb-container uagb-block-a2542988">
<div class="wp-block-uagb-image uagb-block-784d03f4 wp-block-uagb-image--layout-default wp-block-uagb-image--effect-static wp-block-uagb-image--align-none"><figure class="wp-block-uagb-image__figure"><img decoding="async" srcset="https://www.tenisdolnilhota.cz/wp-content/uploads/2024/05/KubicekJan-768x1024.jpg ,https://www.tenisdolnilhota.cz/wp-content/uploads/2024/05/KubicekJan.jpg 780w, https://www.tenisdolnilhota.cz/wp-content/uploads/2024/05/KubicekJan.jpg 360w" sizes="auto, (max-width: 480px) 150px" src="https://www.tenisdolnilhota.cz/wp-content/uploads/2024/05/KubicekJan-768x1024.jpg" alt="" class="uag-image-5175" width="375" height="500" title="KubicekJan" loading="lazy" role="img"/></figure></div>
</div>
</div>

<p>Jan Kubíček Trenér oddílu Trenér 3. třídyDélka praxe: 5 let</p>

<!-- This site is optimized with the Yoast SEO plugin v23.4 - https://yoast.com/wordpress/plugins/seo/ -->
<title>Jan Kubíček - Tenisový oddíl - TJ SOKOL Dolní Lhota</title>
<meta name="robots" content="index, follow, max-snippet:-1, max-image-preview:large, max-video-preview:-1" />
<link rel="canonical" href="https://www.tenisdolnilhota.cz/index.php/jan-kubicek/" />
<meta property="og:locale" content="cs_CZ" />
<meta property="og:type" content="article" />
<meta property="og:title" content="Jan Kubíček - Tenisový oddíl - TJ SOKOL Dolní Lhota" />
<meta property="og:description" content="Jan Kubíček Trenér oddílu Trenér 3. třídyDélka praxe: 5 let" />
<meta property="og:url" content="https://www.tenisdolnilhota.cz/index.php/jan-kubicek/" />
<meta property="og:site_name" content="Tenisový oddíl - TJ SOKOL Dolní Lhota" />
<meta property="article:modified_time" content="2025-12-20T18:21:02+00:00" />
<meta property="og:image" content="https://www.tenisdolnilhota.cz/wp-content/uploads/2025/12/Kubicek_registracka_2-300x225.jpeg" />
<meta name="twitter:card" content="summary_large_image" />
<meta name="twitter:label1" content="Odhadovaná doba čtení" />
	<meta name="twitter:data1" content="1 minuta" />
<script type="application/ld+json" class="yoast-schema-graph">{"@context":"https://schema.org","@graph":[{"@type":"WebPage","@id":"https://www.tenisdolnilhota.cz/index.php/jan-kubicek/","url":"https://www.tenisdolnilhota.cz/index.php/jan-kubicek/","name":"Jan Kubíček - Tenisový oddíl - TJ SOKOL Dolní Lhota","isPartOf":{"@id":"https://www.tenisdolnilhota.cz/#website"},"primaryImageOfPage":{"@id":"https://www.tenisdolnilhota.cz/index.php/jan-kubicek/#primaryimage"},"image":{"@id":"https://www.tenisdolnilhota.cz/index.php/jan-kubicek/#primaryimage"},"thumbnailUrl":"https://www.tenisdolnilhota.cz/wp-content/uploads/2025/12/Kubicek_registracka_2-300x225.jpeg","datePublished":"2024-10-20T18:15:13+00:00","dateModified":"2025-12-20T18:21:02+00:00","breadcrumb":{"@id":"https://www.tenisdolnilhota.cz/index.php/jan-kubicek/#breadcrumb"},"inLanguage":"cs","potentialAction":[{"@type":"ReadAction","target":["https://www.tenisdolnilhota.cz/index.php/jan-kubicek/"]}]},{"@type":"ImageObject","inLanguage":"cs","@id":"https://www.tenisdolnilhota.cz/index.php/jan-kubicek/#primaryimage","url":"https://www.tenisdolnilhota.cz/wp-content/uploads/2025/12/Kubicek_registracka_2-300x225.jpeg","contentUrl":"https://www.tenisdolnilhota.cz/wp-content/uploads/2025/12/Kubicek_registracka_2-300x225.jpeg"},{"@type":"BreadcrumbList","@id":"https://www.tenisdolnilhota.cz/index.php/jan-kubicek/#breadcrumb","itemListElement":[{"@type":"ListItem","position":1,"name":"Domů","item":"https://www.tenisdolnilhota.cz/"},{"@type":"ListItem","position":2,"name":"Jan Kubíček"}]},{"@type":"WebSite","@id":"https://www.tenisdolnilhota.cz/#website","url":"https://www.tenisdolnilhota.cz/","name":"Tenisový oddíl - TJ SOKOL Dolní Lhota","description":"","potentialAction":[{"@type":"SearchAction","target":{"@type":"EntryPoint","urlTemplate":"https://www.tenisdolnilhota.cz/?s={search_term_string}"},"query-input":{"@type":"PropertyValueSpecification","valueRequired":true,"valueName":"search_term_string"}}],"inLanguage":"cs"}]}</script>
<!-- / Yoast SEO plugin. -->

Jan Kubíček - Tenisový oddíl - TJ SOKOL Dolní Lhota

Jan Kubíček Trenér oddílu Trenér 3. třídyDélka praxe: 5 let

Tenisový oddíl - TJ SOKOL Dolní Lhota

Domů
