{"id":5199,"date":"2024-05-01T16:27:44","date_gmt":"2024-05-01T14:27:44","guid":{"rendered":"http:\/\/www.tenisdolnilhota.cz\/?page_id=5199"},"modified":"2024-05-01T16:28:32","modified_gmt":"2024-05-01T14:28:32","slug":"stepan-sipek","status":"publish","type":"page","link":"https:\/\/www.tenisdolnilhota.cz\/index.php\/stepan-sipek\/","title":{"rendered":"\u0160t\u011bp\u00e1n \u0160\u00edpek"},"content":{"rendered":"<h3>Tren\u00e9r odd\u00edlu<\/h3>\n<p>Tren\u00e9r 3. t\u0159\u00eddy<\/p>\n<p>D\u00e9lka praxe: 1 rok<\/p>\n<p><img loading=\"lazy\" decoding=\"async\" class=\"alignnone size-medium wp-image-5198\" src=\"http:\/\/www.tenisdolnilhota.cz\/wp-content\/uploads\/2024\/05\/SipekStepan_Registracka-300x211.png\" alt=\"\" width=\"300\" height=\"211\" srcset=\"https:\/\/www.tenisdolnilhota.cz\/wp-content\/uploads\/2024\/05\/SipekStepan_Registracka-300x211.png 300w, https:\/\/www.tenisdolnilhota.cz\/wp-content\/uploads\/2024\/05\/SipekStepan_Registracka-768x541.png 768w, https:\/\/www.tenisdolnilhota.cz\/wp-content\/uploads\/2024\/05\/SipekStepan_Registracka-1024x721.png 1024w, https:\/\/www.tenisdolnilhota.cz\/wp-content\/uploads\/2024\/05\/SipekStepan_Registracka.png 1718w\" sizes=\"auto, (max-width: 300px) 100vw, 300px\" \/><\/p>\n","protected":false},"excerpt":{"rendered":"<p>Tren\u00e9r odd\u00edlu Tren\u00e9r 3. t\u0159\u00eddy D\u00e9lka praxe: 1 rok<\/p>\n","protected":false},"author":2,"featured_media":0,"parent":0,"menu_order":0,"comment_status":"closed","ping_status":"closed","template":"","meta":{"_uag_custom_page_level_css":"","_monsterinsights_skip_tracking":false,"_monsterinsights_sitenote_active":false,"_monsterinsights_sitenote_note":"","_monsterinsights_sitenote_category":0,"footnotes":""},"class_list":["post-5199","page","type-page","status-publish","hentry"],"yoast_head":"<!-- This site is optimized with the Yoast SEO plugin v23.4 - https:\/\/yoast.com\/wordpress\/plugins\/seo\/ -->\n<title>\u0160t\u011bp\u00e1n \u0160\u00edpek - Tenisov\u00fd odd\u00edl - TJ SOKOL Doln\u00ed Lhota<\/title>\n<meta name=\"robots\" content=\"index, follow, max-snippet:-1, max-image-preview:large, max-video-preview:-1\" \/>\n<link rel=\"canonical\" href=\"https:\/\/www.tenisdolnilhota.cz\/index.php\/stepan-sipek\/\" \/>\n<meta property=\"og:locale\" content=\"cs_CZ\" \/>\n<meta property=\"og:type\" content=\"article\" \/>\n<meta property=\"og:title\" content=\"\u0160t\u011bp\u00e1n \u0160\u00edpek - Tenisov\u00fd odd\u00edl - TJ SOKOL Doln\u00ed Lhota\" \/>\n<meta property=\"og:description\" content=\"Tren\u00e9r odd\u00edlu Tren\u00e9r 3. t\u0159\u00eddy D\u00e9lka praxe: 1 rok\" \/>\n<meta property=\"og:url\" content=\"https:\/\/www.tenisdolnilhota.cz\/index.php\/stepan-sipek\/\" \/>\n<meta property=\"og:site_name\" content=\"Tenisov\u00fd odd\u00edl - TJ SOKOL Doln\u00ed Lhota\" \/>\n<meta property=\"article:modified_time\" content=\"2024-05-01T14:28:32+00:00\" \/>\n<meta property=\"og:image\" content=\"http:\/\/www.tenisdolnilhota.cz\/wp-content\/uploads\/2024\/05\/SipekStepan_Registracka-300x211.png\" \/>\n<meta name=\"twitter:card\" content=\"summary_large_image\" \/>\n<script type=\"application\/ld+json\" class=\"yoast-schema-graph\">{\"@context\":\"https:\/\/schema.org\",\"@graph\":[{\"@type\":\"WebPage\",\"@id\":\"https:\/\/www.tenisdolnilhota.cz\/index.php\/stepan-sipek\/\",\"url\":\"https:\/\/www.tenisdolnilhota.cz\/index.php\/stepan-sipek\/\",\"name\":\"\u0160t\u011bp\u00e1n \u0160\u00edpek - Tenisov\u00fd odd\u00edl - TJ SOKOL Doln\u00ed Lhota\",\"isPartOf\":{\"@id\":\"https:\/\/www.tenisdolnilhota.cz\/#website\"},\"primaryImageOfPage\":{\"@id\":\"https:\/\/www.tenisdolnilhota.cz\/index.php\/stepan-sipek\/#primaryimage\"},\"image\":{\"@id\":\"https:\/\/www.tenisdolnilhota.cz\/index.php\/stepan-sipek\/#primaryimage\"},\"thumbnailUrl\":\"http:\/\/www.tenisdolnilhota.cz\/wp-content\/uploads\/2024\/05\/SipekStepan_Registracka-300x211.png\",\"datePublished\":\"2024-05-01T14:27:44+00:00\",\"dateModified\":\"2024-05-01T14:28:32+00:00\",\"breadcrumb\":{\"@id\":\"https:\/\/www.tenisdolnilhota.cz\/index.php\/stepan-sipek\/#breadcrumb\"},\"inLanguage\":\"cs\",\"potentialAction\":[{\"@type\":\"ReadAction\",\"target\":[\"https:\/\/www.tenisdolnilhota.cz\/index.php\/stepan-sipek\/\"]}]},{\"@type\":\"ImageObject\",\"inLanguage\":\"cs\",\"@id\":\"https:\/\/www.tenisdolnilhota.cz\/index.php\/stepan-sipek\/#primaryimage\",\"url\":\"https:\/\/www.tenisdolnilhota.cz\/wp-content\/uploads\/2024\/05\/SipekStepan_Registracka.png\",\"contentUrl\":\"https:\/\/www.tenisdolnilhota.cz\/wp-content\/uploads\/2024\/05\/SipekStepan_Registracka.png\",\"width\":1718,\"height\":1210},{\"@type\":\"BreadcrumbList\",\"@id\":\"https:\/\/www.tenisdolnilhota.cz\/index.php\/stepan-sipek\/#breadcrumb\",\"itemListElement\":[{\"@type\":\"ListItem\",\"position\":1,\"name\":\"Dom\u016f\",\"item\":\"https:\/\/www.tenisdolnilhota.cz\/\"},{\"@type\":\"ListItem\",\"position\":2,\"name\":\"\u0160t\u011bp\u00e1n \u0160\u00edpek\"}]},{\"@type\":\"WebSite\",\"@id\":\"https:\/\/www.tenisdolnilhota.cz\/#website\",\"url\":\"https:\/\/www.tenisdolnilhota.cz\/\",\"name\":\"Tenisov\u00fd odd\u00edl - TJ SOKOL Doln\u00ed Lhota\",\"description\":\"\",\"potentialAction\":[{\"@type\":\"SearchAction\",\"target\":{\"@type\":\"EntryPoint\",\"urlTemplate\":\"https:\/\/www.tenisdolnilhota.cz\/?s={search_term_string}\"},\"query-input\":{\"@type\":\"PropertyValueSpecification\",\"valueRequired\":true,\"valueName\":\"search_term_string\"}}],\"inLanguage\":\"cs\"}]}<\/script>\n<!-- \/ Yoast SEO plugin. -->","yoast_head_json":{"title":"\u0160t\u011bp\u00e1n \u0160\u00edpek - Tenisov\u00fd odd\u00edl - TJ SOKOL Doln\u00ed Lhota","robots":{"index":"index","follow":"follow","max-snippet":"max-snippet:-1","max-image-preview":"max-image-preview:large","max-video-preview":"max-video-preview:-1"},"canonical":"https:\/\/www.tenisdolnilhota.cz\/index.php\/stepan-sipek\/","og_locale":"cs_CZ","og_type":"article","og_title":"\u0160t\u011bp\u00e1n \u0160\u00edpek - Tenisov\u00fd odd\u00edl - TJ SOKOL Doln\u00ed Lhota","og_description":"Tren\u00e9r odd\u00edlu Tren\u00e9r 3. t\u0159\u00eddy D\u00e9lka praxe: 1 rok","og_url":"https:\/\/www.tenisdolnilhota.cz\/index.php\/stepan-sipek\/","og_site_name":"Tenisov\u00fd odd\u00edl - TJ SOKOL Doln\u00ed Lhota","article_modified_time":"2024-05-01T14:28:32+00:00","og_image":[{"url":"http:\/\/www.tenisdolnilhota.cz\/wp-content\/uploads\/2024\/05\/SipekStepan_Registracka-300x211.png"}],"twitter_card":"summary_large_image","schema":{"@context":"https:\/\/schema.org","@graph":[{"@type":"WebPage","@id":"https:\/\/www.tenisdolnilhota.cz\/index.php\/stepan-sipek\/","url":"https:\/\/www.tenisdolnilhota.cz\/index.php\/stepan-sipek\/","name":"\u0160t\u011bp\u00e1n \u0160\u00edpek - Tenisov\u00fd odd\u00edl - TJ SOKOL Doln\u00ed Lhota","isPartOf":{"@id":"https:\/\/www.tenisdolnilhota.cz\/#website"},"primaryImageOfPage":{"@id":"https:\/\/www.tenisdolnilhota.cz\/index.php\/stepan-sipek\/#primaryimage"},"image":{"@id":"https:\/\/www.tenisdolnilhota.cz\/index.php\/stepan-sipek\/#primaryimage"},"thumbnailUrl":"http:\/\/www.tenisdolnilhota.cz\/wp-content\/uploads\/2024\/05\/SipekStepan_Registracka-300x211.png","datePublished":"2024-05-01T14:27:44+00:00","dateModified":"2024-05-01T14:28:32+00:00","breadcrumb":{"@id":"https:\/\/www.tenisdolnilhota.cz\/index.php\/stepan-sipek\/#breadcrumb"},"inLanguage":"cs","potentialAction":[{"@type":"ReadAction","target":["https:\/\/www.tenisdolnilhota.cz\/index.php\/stepan-sipek\/"]}]},{"@type":"ImageObject","inLanguage":"cs","@id":"https:\/\/www.tenisdolnilhota.cz\/index.php\/stepan-sipek\/#primaryimage","url":"https:\/\/www.tenisdolnilhota.cz\/wp-content\/uploads\/2024\/05\/SipekStepan_Registracka.png","contentUrl":"https:\/\/www.tenisdolnilhota.cz\/wp-content\/uploads\/2024\/05\/SipekStepan_Registracka.png","width":1718,"height":1210},{"@type":"BreadcrumbList","@id":"https:\/\/www.tenisdolnilhota.cz\/index.php\/stepan-sipek\/#breadcrumb","itemListElement":[{"@type":"ListItem","position":1,"name":"Dom\u016f","item":"https:\/\/www.tenisdolnilhota.cz\/"},{"@type":"ListItem","position":2,"name":"\u0160t\u011bp\u00e1n \u0160\u00edpek"}]},{"@type":"WebSite","@id":"https:\/\/www.tenisdolnilhota.cz\/#website","url":"https:\/\/www.tenisdolnilhota.cz\/","name":"Tenisov\u00fd odd\u00edl - TJ SOKOL Doln\u00ed Lhota","description":"","potentialAction":[{"@type":"SearchAction","target":{"@type":"EntryPoint","urlTemplate":"https:\/\/www.tenisdolnilhota.cz\/?s={search_term_string}"},"query-input":{"@type":"PropertyValueSpecification","valueRequired":true,"valueName":"search_term_string"}}],"inLanguage":"cs"}]}},"uagb_featured_image_src":{"full":false,"thumbnail":false,"medium":false,"medium_large":false,"large":false,"1536x1536":false,"2048x2048":false,"widget-thumb":false,"sow-carousel-default":false},"uagb_author_info":{"display_name":"Michal Opat","author_link":"https:\/\/www.tenisdolnilhota.cz\/index.php\/author\/opat\/"},"uagb_comment_info":0,"uagb_excerpt":"Tren\u00e9r odd\u00edlu Tren\u00e9r 3. t\u0159\u00eddy D\u00e9lka praxe: 1 rok","_links":{"self":[{"href":"https:\/\/www.tenisdolnilhota.cz\/index.php\/wp-json\/wp\/v2\/pages\/5199","targetHints":{"allow":["GET"]}}],"collection":[{"href":"https:\/\/www.tenisdolnilhota.cz\/index.php\/wp-json\/wp\/v2\/pages"}],"about":[{"href":"https:\/\/www.tenisdolnilhota.cz\/index.php\/wp-json\/wp\/v2\/types\/page"}],"author":[{"embeddable":true,"href":"https:\/\/www.tenisdolnilhota.cz\/index.php\/wp-json\/wp\/v2\/users\/2"}],"replies":[{"embeddable":true,"href":"https:\/\/www.tenisdolnilhota.cz\/index.php\/wp-json\/wp\/v2\/comments?post=5199"}],"version-history":[{"count":2,"href":"https:\/\/www.tenisdolnilhota.cz\/index.php\/wp-json\/wp\/v2\/pages\/5199\/revisions"}],"predecessor-version":[{"id":5201,"href":"https:\/\/www.tenisdolnilhota.cz\/index.php\/wp-json\/wp\/v2\/pages\/5199\/revisions\/5201"}],"wp:attachment":[{"href":"https:\/\/www.tenisdolnilhota.cz\/index.php\/wp-json\/wp\/v2\/media?parent=5199"}],"curies":[{"name":"wp","href":"https:\/\/api.w.org\/{rel}","templated":true}]}}

Štěpán Šípek

<h3>Trenér oddílu</h3>
<p>Trenér 3. třídy</p>
<p>Délka praxe: 1 rok</p>
<p><img loading="lazy" decoding="async" class="alignnone size-medium wp-image-5198" src="http://www.tenisdolnilhota.cz/wp-content/uploads/2024/05/SipekStepan_Registracka-300x211.png" alt="" width="300" height="211" srcset="https://www.tenisdolnilhota.cz/wp-content/uploads/2024/05/SipekStepan_Registracka-300x211.png 300w, https://www.tenisdolnilhota.cz/wp-content/uploads/2024/05/SipekStepan_Registracka-768x541.png 768w, https://www.tenisdolnilhota.cz/wp-content/uploads/2024/05/SipekStepan_Registracka-1024x721.png 1024w, https://www.tenisdolnilhota.cz/wp-content/uploads/2024/05/SipekStepan_Registracka.png 1718w" sizes="auto, (max-width: 300px) 100vw, 300px" /></p>

<p>Trenér oddílu Trenér 3. třídy Délka praxe: 1 rok</p>

<!-- This site is optimized with the Yoast SEO plugin v23.4 - https://yoast.com/wordpress/plugins/seo/ -->
<title>Štěpán Šípek - Tenisový oddíl - TJ SOKOL Dolní Lhota</title>
<meta name="robots" content="index, follow, max-snippet:-1, max-image-preview:large, max-video-preview:-1" />
<link rel="canonical" href="https://www.tenisdolnilhota.cz/index.php/stepan-sipek/" />
<meta property="og:locale" content="cs_CZ" />
<meta property="og:type" content="article" />
<meta property="og:title" content="Štěpán Šípek - Tenisový oddíl - TJ SOKOL Dolní Lhota" />
<meta property="og:description" content="Trenér oddílu Trenér 3. třídy Délka praxe: 1 rok" />
<meta property="og:url" content="https://www.tenisdolnilhota.cz/index.php/stepan-sipek/" />
<meta property="og:site_name" content="Tenisový oddíl - TJ SOKOL Dolní Lhota" />
<meta property="article:modified_time" content="2024-05-01T14:28:32+00:00" />
<meta property="og:image" content="http://www.tenisdolnilhota.cz/wp-content/uploads/2024/05/SipekStepan_Registracka-300x211.png" />
<meta name="twitter:card" content="summary_large_image" />
<script type="application/ld+json" class="yoast-schema-graph">{"@context":"https://schema.org","@graph":[{"@type":"WebPage","@id":"https://www.tenisdolnilhota.cz/index.php/stepan-sipek/","url":"https://www.tenisdolnilhota.cz/index.php/stepan-sipek/","name":"Štěpán Šípek - Tenisový oddíl - TJ SOKOL Dolní Lhota","isPartOf":{"@id":"https://www.tenisdolnilhota.cz/#website"},"primaryImageOfPage":{"@id":"https://www.tenisdolnilhota.cz/index.php/stepan-sipek/#primaryimage"},"image":{"@id":"https://www.tenisdolnilhota.cz/index.php/stepan-sipek/#primaryimage"},"thumbnailUrl":"http://www.tenisdolnilhota.cz/wp-content/uploads/2024/05/SipekStepan_Registracka-300x211.png","datePublished":"2024-05-01T14:27:44+00:00","dateModified":"2024-05-01T14:28:32+00:00","breadcrumb":{"@id":"https://www.tenisdolnilhota.cz/index.php/stepan-sipek/#breadcrumb"},"inLanguage":"cs","potentialAction":[{"@type":"ReadAction","target":["https://www.tenisdolnilhota.cz/index.php/stepan-sipek/"]}]},{"@type":"ImageObject","inLanguage":"cs","@id":"https://www.tenisdolnilhota.cz/index.php/stepan-sipek/#primaryimage","url":"https://www.tenisdolnilhota.cz/wp-content/uploads/2024/05/SipekStepan_Registracka.png","contentUrl":"https://www.tenisdolnilhota.cz/wp-content/uploads/2024/05/SipekStepan_Registracka.png","width":1718,"height":1210},{"@type":"BreadcrumbList","@id":"https://www.tenisdolnilhota.cz/index.php/stepan-sipek/#breadcrumb","itemListElement":[{"@type":"ListItem","position":1,"name":"Domů","item":"https://www.tenisdolnilhota.cz/"},{"@type":"ListItem","position":2,"name":"Štěpán Šípek"}]},{"@type":"WebSite","@id":"https://www.tenisdolnilhota.cz/#website","url":"https://www.tenisdolnilhota.cz/","name":"Tenisový oddíl - TJ SOKOL Dolní Lhota","description":"","potentialAction":[{"@type":"SearchAction","target":{"@type":"EntryPoint","urlTemplate":"https://www.tenisdolnilhota.cz/?s={search_term_string}"},"query-input":{"@type":"PropertyValueSpecification","valueRequired":true,"valueName":"search_term_string"}}],"inLanguage":"cs"}]}</script>
<!-- / Yoast SEO plugin. -->

Štěpán Šípek - Tenisový oddíl - TJ SOKOL Dolní Lhota

Trenér oddílu Trenér 3. třídy Délka praxe: 1 rok

Tenisový oddíl - TJ SOKOL Dolní Lhota

Domů
